{"id":11737,"date":"2026-04-14T19:09:23","date_gmt":"2026-04-14T16:09:23","guid":{"rendered":"https:\/\/natha.fi\/wp2020\/?page_id=11737"},"modified":"2026-04-14T19:43:47","modified_gmt":"2026-04-14T16:43:47","slug":"artikkeleita-joogasta","status":"publish","type":"page","link":"https:\/\/natha.fi\/wp2020\/artikkeleita-joogasta\/","title":{"rendered":"Artikkeleita Joogasta"},"content":{"rendered":"\t\t<div data-elementor-type=\"wp-page\" data-elementor-id=\"11737\" class=\"elementor elementor-11737\" data-elementor-settings=\"[]\">\n\t\t\t\t\t\t<div class=\"elementor-inner\">\n\t\t\t\t\t\t\t<div class=\"elementor-section-wrap\">\n\t\t\t\t\t\t\t<section class=\"elementor-section elementor-top-section elementor-element elementor-element-94ff903 elementor-section-boxed elementor-section-height-default elementor-section-height-default\" data-id=\"94ff903\" data-element_type=\"section\">\n\t\t\t\t\t\t<div class=\"elementor-container elementor-column-gap-default\">\n\t\t\t\t\t\t\t<div class=\"elementor-row\">\n\t\t\t\t\t<div class=\"elementor-column elementor-col-100 elementor-top-column elementor-element elementor-element-c2ff74b\" data-id=\"c2ff74b\" data-element_type=\"column\">\n\t\t\t<div class=\"elementor-column-wrap elementor-element-populated\">\n\t\t\t\t\t\t\t<div class=\"elementor-widget-wrap\">\n\t\t\t\t\t\t<div class=\"elementor-element elementor-element-298d291 elementor-widget elementor-widget-text-editor\" data-id=\"298d291\" data-element_type=\"widget\" data-widget_type=\"text-editor.default\">\n\t\t\t\t<div class=\"elementor-widget-container\">\n\t\t\t\t\t<div class=\"elementor-text-editor elementor-clearfix\"><h2>Artikkeleita joogasta<\/h2><ul><li><h3><a href=\"https:\/\/natha.fi\/wp2020\/mita-jooga-on\/\">Mit\u00e4 Jooga on?<\/a><\/h3><\/li><li><h3><a class=\"row-title\" href=\"https:\/\/natha.fi\/wp2020\/mihin-joogaa-tarvitaan\/\" aria-label=\"\u201dMihin joogaa tarvitaan?\u201d (Muokkaa)\">Mihin joogaa tarvitaan?<\/a><\/h3><\/li><li><h3><a class=\"components-external-link editor-post-url__link\" href=\"https:\/\/natha.fi\/wp2020\/meditaation-mysteeri\/\" target=\"_blank\" rel=\"external noreferrer noopener\"><span class=\"editor-post-url__link-slug\">Meditaation mysteeri<\/span><\/a><\/h3><\/li><li><h3><a href=\"https:\/\/natha.fi\/wp2020\/meditaation-vaiheita\/\">Meditaation vaiheita<\/a><\/h3><\/li><li><h3><a href=\"https:\/\/natha.fi\/wp2020\/hyodyllisia-kommentteja-meditaation-harjoittamisesta\/\">Hy\u00f6dyllisi\u00e4 kommentteja meditaation harjoittamisesta\u00a0<\/a><\/h3><\/li><li><h3><a class=\"row-title\" href=\"https:\/\/natha.fi\/wp2020\/tehokkaita-tekniikoita-huomiokyvyn-lisaamiseksi\/\" aria-label=\"\u201dTehokkaita tekniikoita huomiokyvyn lis\u00e4\u00e4miseksi\u201d (Muokkaa)\">Tehokkaita tekniikoita huomiokyvyn lis\u00e4\u00e4miseksi<\/a><\/h3><\/li><li><h3><a href=\"https:\/\/natha.fi\/wp2020\/jooga-nidra\/\">Jooga Nidra<\/a><\/h3><\/li><\/ul><\/div>\n\t\t\t\t<\/div>\n\t\t\t\t<\/div>\n\t\t\t\t\t\t<\/div>\n\t\t\t\t\t<\/div>\n\t\t<\/div>\n\t\t\t\t\t\t\t\t<\/div>\n\t\t\t\t\t<\/div>\n\t\t<\/section>\n\t\t\t\t\t\t<\/div>\n\t\t\t\t\t\t<\/div>\n\t\t\t\t\t<\/div>\n\t\t","protected":false},"excerpt":{"rendered":"<p>Artikkeleita joogasta Mit\u00e4 Jooga on? Mihin joogaa tarvitaan? Meditaation mysteeri Meditaation vaiheita Hy\u00f6dyllisi\u00e4 kommentteja meditaation harjoittamisesta\u00a0 Tehokkaita tekniikoita huomiokyvyn lis\u00e4\u00e4miseksi Jooga Nidra<\/p>\n","protected":false},"author":3,"featured_media":0,"parent":0,"menu_order":0,"comment_status":"closed","ping_status":"closed","template":"elementor_header_footer","meta":{"site-sidebar-layout":"no-sidebar","site-content-layout":"page-builder","ast-global-header-display":"","ast-banner-title-visibility":"","ast-main-header-display":"","ast-hfb-above-header-display":"","ast-hfb-below-header-display":"","ast-hfb-mobile-header-display":"","site-post-title":"disabled","ast-breadcrumbs-content":"","ast-featured-img":"disabled","footer-sml-layout":"","theme-transparent-header-meta":"default","adv-header-id-meta":"","stick-header-meta":"default","header-above-stick-meta":"","header-main-stick-meta":"","header-below-stick-meta":""},"_links":{"self":[{"href":"https:\/\/natha.fi\/wp2020\/wp-json\/wp\/v2\/pages\/11737"}],"collection":[{"href":"https:\/\/natha.fi\/wp2020\/wp-json\/wp\/v2\/pages"}],"about":[{"href":"https:\/\/natha.fi\/wp2020\/wp-json\/wp\/v2\/types\/page"}],"author":[{"embeddable":true,"href":"https:\/\/natha.fi\/wp2020\/wp-json\/wp\/v2\/users\/3"}],"replies":[{"embeddable":true,"href":"https:\/\/natha.fi\/wp2020\/wp-json\/wp\/v2\/comments?post=11737"}],"version-history":[{"count":13,"href":"https:\/\/natha.fi\/wp2020\/wp-json\/wp\/v2\/pages\/11737\/revisions"}],"predecessor-version":[{"id":11770,"href":"https:\/\/natha.fi\/wp2020\/wp-json\/wp\/v2\/pages\/11737\/revisions\/11770"}],"wp:attachment":[{"href":"https:\/\/natha.fi\/wp2020\/wp-json\/wp\/v2\/media?parent=11737"}],"curies":[{"name":"wp","href":"https:\/\/api.w.org\/{rel}","templated":true}]}}