{"id":1187,"date":"2021-01-29T18:05:23","date_gmt":"2021-01-29T15:05:23","guid":{"rendered":"https:\/\/natha.fi\/wp2020\/?page_id=1187"},"modified":"2026-04-10T17:52:00","modified_gmt":"2026-04-10T14:52:00","slug":"joogasalien-vuokraus","status":"publish","type":"page","link":"https:\/\/natha.fi\/wp2020\/joogasalien-vuokraus\/","title":{"rendered":"Joogasalien vuokraus"},"content":{"rendered":"\t\t<div data-elementor-type=\"wp-page\" data-elementor-id=\"1187\" class=\"elementor elementor-1187\" data-elementor-settings=\"[]\">\n\t\t\t\t\t\t<div class=\"elementor-inner\">\n\t\t\t\t\t\t\t<div class=\"elementor-section-wrap\">\n\t\t\t\t\t\t\t<section class=\"elementor-section elementor-top-section elementor-element elementor-element-db913dd elementor-section-full_width elementor-section-height-default elementor-section-height-default\" data-id=\"db913dd\" data-element_type=\"section\">\n\t\t\t\t\t\t<div class=\"elementor-container elementor-column-gap-default\">\n\t\t\t\t\t\t\t<div class=\"elementor-row\">\n\t\t\t\t\t<div class=\"elementor-column elementor-col-100 elementor-top-column elementor-element elementor-element-e4c779d\" data-id=\"e4c779d\" data-element_type=\"column\">\n\t\t\t<div class=\"elementor-column-wrap elementor-element-populated\">\n\t\t\t\t\t\t\t<div class=\"elementor-widget-wrap\">\n\t\t\t\t\t\t<div class=\"elementor-element elementor-element-b996fa0 elementor-widget elementor-widget-image\" data-id=\"b996fa0\" data-element_type=\"widget\" data-widget_type=\"image.default\">\n\t\t\t\t<div class=\"elementor-widget-container\">\n\t\t\t\t\t<div class=\"elementor-image\">\n\t\t\t\t\t\t\t\t\t\t<img width=\"1000\" height=\"267\" src=\"https:\/\/natha.fi\/wp2020\/wp-content\/uploads\/2021\/01\/atman_1000.jpg\" class=\"attachment-full size-full\" alt=\"\" decoding=\"async\" loading=\"lazy\" srcset=\"https:\/\/natha.fi\/wp2020\/wp-content\/uploads\/2021\/01\/atman_1000.jpg 1000w, https:\/\/natha.fi\/wp2020\/wp-content\/uploads\/2021\/01\/atman_1000-300x80.jpg 300w, https:\/\/natha.fi\/wp2020\/wp-content\/uploads\/2021\/01\/atman_1000-768x205.jpg 768w\" sizes=\"(max-width: 1000px) 100vw, 1000px\" \/>\t\t\t\t\t\t\t\t\t\t\t<\/div>\n\t\t\t\t<\/div>\n\t\t\t\t<\/div>\n\t\t\t\t\t\t<\/div>\n\t\t\t\t\t<\/div>\n\t\t<\/div>\n\t\t\t\t\t\t\t\t<\/div>\n\t\t\t\t\t<\/div>\n\t\t<\/section>\n\t\t\t\t<section class=\"elementor-section elementor-top-section elementor-element elementor-element-0d27afc elementor-section-boxed elementor-section-height-default elementor-section-height-default\" data-id=\"0d27afc\" data-element_type=\"section\">\n\t\t\t\t\t\t<div class=\"elementor-container elementor-column-gap-default\">\n\t\t\t\t\t\t\t<div class=\"elementor-row\">\n\t\t\t\t\t<div class=\"elementor-column elementor-col-100 elementor-top-column elementor-element elementor-element-da19d31\" data-id=\"da19d31\" data-element_type=\"column\">\n\t\t\t<div class=\"elementor-column-wrap\">\n\t\t\t\t\t\t\t<div class=\"elementor-widget-wrap\">\n\t\t\t\t\t\t\t\t<\/div>\n\t\t\t\t\t<\/div>\n\t\t<\/div>\n\t\t\t\t\t\t\t\t<\/div>\n\t\t\t\t\t<\/div>\n\t\t<\/section>\n\t\t\t\t<section class=\"elementor-section elementor-top-section elementor-element elementor-element-4fbd335 elementor-section-boxed elementor-section-height-default elementor-section-height-default\" data-id=\"4fbd335\" data-element_type=\"section\">\n\t\t\t\t\t\t<div class=\"elementor-container elementor-column-gap-default\">\n\t\t\t\t\t\t\t<div class=\"elementor-row\">\n\t\t\t\t\t<div class=\"elementor-column elementor-col-66 elementor-top-column elementor-element elementor-element-507fe5a\" data-id=\"507fe5a\" data-element_type=\"column\">\n\t\t\t<div class=\"elementor-column-wrap elementor-element-populated\">\n\t\t\t\t\t\t\t<div class=\"elementor-widget-wrap\">\n\t\t\t\t\t\t<div class=\"elementor-element elementor-element-6d74dd5 elementor-widget elementor-widget-heading\" data-id=\"6d74dd5\" data-element_type=\"widget\" data-widget_type=\"heading.default\">\n\t\t\t\t<div class=\"elementor-widget-container\">\n\t\t\t<h2 class=\"elementor-heading-title elementor-size-default\">Joogasalien vuokraus<\/h2>\t\t<\/div>\n\t\t\t\t<\/div>\n\t\t\t\t<div class=\"elementor-element elementor-element-a068b46 elementor-widget elementor-widget-text-editor\" data-id=\"a068b46\" data-element_type=\"widget\" data-widget_type=\"text-editor.default\">\n\t\t\t\t<div class=\"elementor-widget-container\">\n\t\t\t\t\t<div class=\"elementor-text-editor elementor-clearfix\"><h2>Tilat Nathalla<\/h2><p>Nathan joogakeskus Hyperborea sijaitsee Helsingin Vallilassa.\u00a0 Keskuksessa on kolme salia vuokrattavana joogatunneille, meditaatioihin, seminaareihin, ty\u00f6pajoihin, tanssiin, kokouksiin, tai-chi ym. harjoituksiin, hoitoihin, hierontaan sek\u00e4 muihin joogakeskuksen ilmapiiriin sopiviin tarkoituksiin.<\/p><p>Tilat on uudistettu valoisilla ja laadukkailla materiaaleilla. Suuri vastaanottotila toivottaa vieraat tervetulleiksi. K\u00e4yt\u00f6ss\u00e4 on my\u00f6s tilava kirjasto \/ oleskelutila, keitti\u00f6 ja kaksi WC:t\u00e4. Keng\u00e4t j\u00e4tet\u00e4\u00e4n eteiseen sill\u00e4 koko keskuksessa on puulattiat. Joogakeskuksen ilmapiiri on hiljainen ja rauhallinen.<\/p><h3>Vuokraan sis\u00e4ltyy<\/h3><ul><li>\u00c4\u00e4nentoisto valmiina esim. oman tietokoneen tai mp3-soittimen liitt\u00e4mist\u00e4 varten (3,5mm plugi) tai CD\/DVD levylt\u00e4.<\/li><li>Videoprojektori (VGA tai HDMI-liitin)<\/li><li>Valkotaulu<\/li><li>Paljon puuvillaisia jooga-alustoja, meditaatiotyynyj\u00e4 sek\u00e4 tuoleja<\/li><\/ul><p>Vuokraaja vastaa tilan siivouksesta tapahtuman j\u00e4lkeen sek\u00e4 kaikista mahdollisesti aiheutuneista vahingoista. Valmistelu, vieraiden vastaanotto ja siivous sis\u00e4llytet\u00e4\u00e4n vuokra-aikaan. Minimi vuokra-aika on 1,5 tuntia yhden tunnin tapahtumaan.<\/p><p>Voit vierailla Nathalla ja k\u00e4yd\u00e4 tutustumassa saleihin arkisin klo 15-17:30. Lis\u00e4tietoja saat soittamalla tai l\u00e4hett\u00e4m\u00e4ll\u00e4 s\u00e4hk\u00f6postia Nathalle, puh. 050 452 0577 tai jooga(a)natha.fi.<\/p><\/div>\n\t\t\t\t<\/div>\n\t\t\t\t<\/div>\n\t\t\t\t<div class=\"elementor-element elementor-element-4b47ed7 elementor-widget elementor-widget-text-editor\" data-id=\"4b47ed7\" data-element_type=\"widget\" data-widget_type=\"text-editor.default\">\n\t\t\t\t<div class=\"elementor-widget-container\">\n\t\t\t\t\t<div class=\"elementor-text-editor elementor-clearfix\"><h2>Salien esittely<\/h2><h3>Surya &#8211; 70 m<sup>2\u00a0<\/sup>\/ 10 x 7 m<\/h3><p><img decoding=\"async\" loading=\"lazy\" class=\"alignnone wp-image-1193 size-full\" src=\"https:\/\/natha.fi\/wp2020\/wp-content\/uploads\/2021\/01\/surya_930px.jpg\" alt=\"\" width=\"930\" height=\"214\" srcset=\"https:\/\/natha.fi\/wp2020\/wp-content\/uploads\/2021\/01\/surya_930px.jpg 930w, https:\/\/natha.fi\/wp2020\/wp-content\/uploads\/2021\/01\/surya_930px-300x69.jpg 300w, https:\/\/natha.fi\/wp2020\/wp-content\/uploads\/2021\/01\/surya_930px-768x177.jpg 768w\" sizes=\"(max-width: 930px) 100vw, 930px\" \/><\/p><div><h3>Atma &#8211; 48 m<sup>2\u00a0<\/sup>\/ 9\u00a0x 5,4 m<\/h3><p><img decoding=\"async\" loading=\"lazy\" class=\"alignnone wp-image-1192 size-full\" src=\"https:\/\/natha.fi\/wp2020\/wp-content\/uploads\/2021\/01\/atman_1000.jpg\" alt=\"\" width=\"1000\" height=\"267\" srcset=\"https:\/\/natha.fi\/wp2020\/wp-content\/uploads\/2021\/01\/atman_1000.jpg 1000w, https:\/\/natha.fi\/wp2020\/wp-content\/uploads\/2021\/01\/atman_1000-300x80.jpg 300w, https:\/\/natha.fi\/wp2020\/wp-content\/uploads\/2021\/01\/atman_1000-768x205.jpg 768w\" sizes=\"(max-width: 1000px) 100vw, 1000px\" \/><\/p><h3>Kriya &#8211; 35m<sup>2<\/sup> \/ 7 x 5 m<\/h3><p><img decoding=\"async\" loading=\"lazy\" class=\"alignnone wp-image-1190 size-full\" src=\"https:\/\/natha.fi\/wp2020\/wp-content\/uploads\/2021\/01\/kriya_1000.jpg\" alt=\"\" width=\"1000\" height=\"367\" srcset=\"https:\/\/natha.fi\/wp2020\/wp-content\/uploads\/2021\/01\/kriya_1000.jpg 1000w, https:\/\/natha.fi\/wp2020\/wp-content\/uploads\/2021\/01\/kriya_1000-300x110.jpg 300w, https:\/\/natha.fi\/wp2020\/wp-content\/uploads\/2021\/01\/kriya_1000-768x282.jpg 768w\" sizes=\"(max-width: 1000px) 100vw, 1000px\" \/><\/p><\/div><\/div>\n\t\t\t\t<\/div>\n\t\t\t\t<\/div>\n\t\t\t\t<div class=\"elementor-element elementor-element-2e08263 elementor-widget elementor-widget-text-editor\" data-id=\"2e08263\" data-element_type=\"widget\" data-widget_type=\"text-editor.default\">\n\t\t\t\t<div class=\"elementor-widget-container\">\n\t\t\t\t\t<div class=\"elementor-text-editor elementor-clearfix\"><h2>Hinnat ja varaaminen<\/h2><ul><li>Surya: 35 \u20ac \/ tunti<\/li><li>Atma: 25 \u20ac \/ tunti<\/li><li>Kriya: 20 \u20ac \/ tunti<\/li><\/ul><p>Valmistelu, vieraiden vastaanotto ja siivous sis\u00e4llytet\u00e4\u00e4n vuokra-aikaan.<br \/>Yli kolmen tunnin varauksista ja toistuvasta vuokrauksesta voit pyyt\u00e4\u00e4 erikseen edullisempaa tarjousta.<br \/><br \/>Varaus on sitova, kun maksu on suoritettu Nathan tilille FI2512793000513453, viestill\u00e4 &#8217;RENT nimi ja lis\u00e4tiedot&#8217;. Varauksen peruutus 2 viikkoa etuk\u00e4teen on maksuton, sen j\u00e4lkeen perimme 50 \u20ac peruutusmaksun, paitsi sairastapauksissa.<\/p><p>Arkip\u00e4ivisin on yleens\u00e4 hyvin tilaa vapaana klo 17 asti, (omat tuntimme alkavat yleens\u00e4 klo 17:30). Tiistaisin on tarjolla my\u00f6s aikoja koko iltap\u00e4iv\u00e4ksi tai illaksi (klo 22 asti).\u00a0<\/p><p>Jos tarvitset tiloja s\u00e4\u00e4nn\u00f6lliseen k\u00e4ytt\u00f6\u00f6n, voimme tehd\u00e4 pitk\u00e4aikaisemman sopimuksen edullisemmin.\u00a0<\/p><p>Natha ry on voittoa tavoittelematon yleishy\u00f6dyllinen yhdistys, jonka kaikki tuotot ohjataan takaisin yhdistyksen toimintaan.<\/p><p>Kysy tarjousta tai varaa tila puhelimitse 050 452 0577\u00a0 tai s\u00e4hk\u00f6postilla jooga(a)natha.fi.<\/p><\/div>\n\t\t\t\t<\/div>\n\t\t\t\t<\/div>\n\t\t\t\t\t\t<\/div>\n\t\t\t\t\t<\/div>\n\t\t<\/div>\n\t\t\t\t<div class=\"elementor-column elementor-col-33 elementor-top-column elementor-element elementor-element-b38ad92\" data-id=\"b38ad92\" data-element_type=\"column\">\n\t\t\t<div class=\"elementor-column-wrap elementor-element-populated\">\n\t\t\t\t\t\t\t<div class=\"elementor-widget-wrap\">\n\t\t\t\t\t\t<div class=\"elementor-element elementor-element-5f068ab elementor-widget elementor-widget-sidebar\" data-id=\"5f068ab\" data-element_type=\"widget\" data-widget_type=\"sidebar.default\">\n\t\t\t\t<div class=\"elementor-widget-container\">\n\t\t\t<aside id=\"evcalwidget-2\" class=\"widget EvcalWidget\"><div id='evcal_widget' class='evo_widget'><!-- EventON Calendar --><div id='evcal_calendar_747' class='ajde_evcal_calendar sev cev color esty_2 ajax_loading_cal' ><div id='evcal_head' class='calendar_header ' ><div class='evo_cal_above'><span class='evo-gototoday-btn' style='display:none' data-mo='4' data-yr='2026' data-dy=''>Palaa nykyhetkeen<\/span><\/div><div class='evo_cal_above_content'><\/div><div class='evo_header_title '><p id='evcal_cur' class='evo_month_title'> Huhtikuu, 2026<\/p><p class='evo_arrows'><span id='evcal_prev' class='evcal_arrows evcal_btn_prev' ><\/span><span id='evcal_next' class='evcal_arrows evo_arrow_next evcal_btn_next' ><\/span><\/p><\/div><\/div><div id='eventon_loadbar_section'><div id='eventon_loadbar'><\/div><\/div><div class='evo_ajax_load_events'><span><\/span><span><\/span><span><\/span><\/div><!-- Events List --><div id='evcal_list' \r\n\t\t\t\t\tclass='eventon_events_list '>\t\t\t<div class='clear'><\/div>\r\n\t\t\t<\/div>\r\n\t\t\t<div class='clear'><\/div>\r\n\t\t\t\t\t \t<div id='evcal_footer' class='evo_bottom' style='display:none'>\r\n\t\t \t\t<div class='evo_cal_data'  data-sc='{\"accord\":\"no\",\"bottom_nav\":\"no\",\"cal_id\":\"\",\"cal_init_nonajax\":\"no\",\"calendar_type\":\"default\",\"ep_fields\":\"\",\"etc_override\":\"no\",\"evc_open\":\"no\",\"event_count\":\"0\",\"event_location\":\"all\",\"event_order\":\"ASC\",\"event_organizer\":\"all\",\"event_parts\":\"no\",\"event_past_future\":\"all\",\"event_status\":\"all\",\"event_tag\":\"all\",\"event_type\":\"all\",\"event_type_2\":\"all\",\"event_type_3\":\"all\",\"event_type_4\":\"all\",\"event_type_5\":\"all\",\"event_virtual\":\"all\",\"eventtop_date_style\":0,\"eventtop_style\":\"2\",\"exp_jumper\":\"no\",\"exp_so\":\"no\",\"filter_relationship\":\"AND\",\"filter_show_set_only\":\"no\",\"filter_type\":\"default\",\"filters\":\"yes\",\"fixed_month\":\"4\",\"fixed_year\":\"2026\",\"focus_end_date_range\":\"1777593599\",\"focus_start_date_range\":\"1775001600\",\"ft_event_priority\":\"no\",\"hide_arrows\":\"no\",\"hide_cancels\":\"no\",\"hide_empty_months\":\"no\",\"hide_end_time\":\"no\",\"hide_et_dn\":\"no\",\"hide_et_extra\":\"no\",\"hide_et_tags\":\"no\",\"hide_et_tl\":\"no\",\"hide_ft\":\"no\",\"hide_ft_img\":\"no\",\"hide_month_headers\":\"no\",\"hide_mult_occur\":\"no\",\"hide_past\":\"no\",\"hide_past_by\":\"ee\",\"hide_so\":\"no\",\"ics\":\"no\",\"jumper\":\"no\",\"jumper_count\":5,\"jumper_offset\":\"0\",\"lang\":\"L1\",\"layout_changer\":\"no\",\"livenow_bar\":\"yes\",\"mapformat\":\"roadmap\",\"mapiconurl\":\"\",\"maps_load\":\"yes\",\"mapscroll\":\"true\",\"mapzoom\":\"18\",\"members_only\":\"no\",\"ml_priority\":\"no\",\"month_incre\":0,\"number_of_months\":\"1\",\"only_ft\":\"no\",\"pec\":\"\",\"s\":\"\",\"search\":\"\",\"search_all\":\"no\",\"sep_month\":\"no\",\"show_et_ft_img\":\"no\",\"show_limit\":\"no\",\"show_limit_ajax\":\"no\",\"show_limit_paged\":1,\"show_limit_redir\":\"\",\"show_repeats\":\"no\",\"show_upcoming\":\"no\",\"show_year\":\"no\",\"social_share\":\"no\",\"sort_by\":\"sort_date\",\"tile_bg\":0,\"tile_bg_size\":\"full\",\"tile_count\":2,\"tile_height\":0,\"tile_style\":0,\"tiles\":\"no\",\"ux_val\":\"0\",\"view_switcher\":\"no\",\"wpml_l1\":\"\",\"wpml_l2\":\"\",\"wpml_l3\":\"\",\"yl_priority\":\"no\",\"fixed_day\":\"16\",\"_cver\":\"4.3.5\"}' data-od='{\"lang_no_events\":\"Ei tapahtumia\"}'><\/div>\r\n\t\t \t\t<div class='evo_cal_events' data-events=\"\"><\/div>\r\n\t\t \t<\/div>\r\n\t\t\t\t\r\n\t\t\t\r\n\t\t\t\t\t\t<\/div><!-- EventON End -->\r\n\t\t\t<\/div><\/aside>\t\t<\/div>\n\t\t\t\t<\/div>\n\t\t\t\t\t\t<\/div>\n\t\t\t\t\t<\/div>\n\t\t<\/div>\n\t\t\t\t\t\t\t\t<\/div>\n\t\t\t\t\t<\/div>\n\t\t<\/section>\n\t\t\t\t\t\t<\/div>\n\t\t\t\t\t\t<\/div>\n\t\t\t\t\t<\/div>\n\t\t","protected":false},"excerpt":{"rendered":"<p>Joogasalien vuokraus Tilat Nathalla Nathan joogakeskus Hyperborea sijaitsee Helsingin Vallilassa.\u00a0 Keskuksessa on kolme salia vuokrattavana joogatunneille, meditaatioihin, seminaareihin, ty\u00f6pajoihin, tanssiin, kokouksiin, tai-chi ym. harjoituksiin, hoitoihin, hierontaan sek\u00e4 muihin joogakeskuksen ilmapiiriin sopiviin tarkoituksiin. Tilat on uudistettu valoisilla ja laadukkailla materiaaleilla. Suuri vastaanottotila toivottaa vieraat tervetulleiksi. K\u00e4yt\u00f6ss\u00e4 on my\u00f6s tilava kirjasto \/ oleskelutila, keitti\u00f6 ja kaksi WC:t\u00e4. &hellip;<\/p>\n<p class=\"read-more\"> <a class=\"\" href=\"https:\/\/natha.fi\/wp2020\/joogasalien-vuokraus\/\"> <span class=\"screen-reader-text\">Joogasalien vuokraus<\/span> Lue lis\u00e4\u00e4 &raquo;<\/a><\/p>\n","protected":false},"author":2,"featured_media":1192,"parent":0,"menu_order":0,"comment_status":"closed","ping_status":"closed","template":"elementor_header_footer","meta":{"site-sidebar-layout":"no-sidebar","site-content-layout":"page-builder","ast-global-header-display":"","ast-banner-title-visibility":"","ast-main-header-display":"","ast-hfb-above-header-display":"","ast-hfb-below-header-display":"","ast-hfb-mobile-header-display":"","site-post-title":"disabled","ast-breadcrumbs-content":"","ast-featured-img":"disabled","footer-sml-layout":"","theme-transparent-header-meta":"default","adv-header-id-meta":"","stick-header-meta":"default","header-above-stick-meta":"","header-main-stick-meta":"","header-below-stick-meta":""},"_links":{"self":[{"href":"https:\/\/natha.fi\/wp2020\/wp-json\/wp\/v2\/pages\/1187"}],"collection":[{"href":"https:\/\/natha.fi\/wp2020\/wp-json\/wp\/v2\/pages"}],"about":[{"href":"https:\/\/natha.fi\/wp2020\/wp-json\/wp\/v2\/types\/page"}],"author":[{"embeddable":true,"href":"https:\/\/natha.fi\/wp2020\/wp-json\/wp\/v2\/users\/2"}],"replies":[{"embeddable":true,"href":"https:\/\/natha.fi\/wp2020\/wp-json\/wp\/v2\/comments?post=1187"}],"version-history":[{"count":57,"href":"https:\/\/natha.fi\/wp2020\/wp-json\/wp\/v2\/pages\/1187\/revisions"}],"predecessor-version":[{"id":11695,"href":"https:\/\/natha.fi\/wp2020\/wp-json\/wp\/v2\/pages\/1187\/revisions\/11695"}],"wp:featuredmedia":[{"embeddable":true,"href":"https:\/\/natha.fi\/wp2020\/wp-json\/wp\/v2\/media\/1192"}],"wp:attachment":[{"href":"https:\/\/natha.fi\/wp2020\/wp-json\/wp\/v2\/media?parent=1187"}],"curies":[{"name":"wp","href":"https:\/\/api.w.org\/{rel}","templated":true}]}}