{"id":3996,"date":"2022-01-17T19:31:04","date_gmt":"2022-01-17T16:31:04","guid":{"rendered":"https:\/\/natha.fi\/wp2020\/?page_id=3996"},"modified":"2026-04-24T09:25:44","modified_gmt":"2026-04-24T06:25:44","slug":"tantratyopajat","status":"publish","type":"page","link":"https:\/\/natha.fi\/wp2020\/tantratyopajat\/","title":{"rendered":"Tantraty\u00f6pajat"},"content":{"rendered":"\t\t<div data-elementor-type=\"wp-page\" data-elementor-id=\"3996\" class=\"elementor elementor-3996\" data-elementor-settings=\"[]\">\n\t\t\t\t\t\t<div class=\"elementor-inner\">\n\t\t\t\t\t\t\t<div class=\"elementor-section-wrap\">\n\t\t\t\t\t\t\t<section class=\"elementor-section elementor-top-section elementor-element elementor-element-db913dd elementor-section-full_width elementor-section-height-default elementor-section-height-default\" data-id=\"db913dd\" data-element_type=\"section\">\n\t\t\t\t\t\t<div class=\"elementor-container elementor-column-gap-default\">\n\t\t\t\t\t\t\t<div class=\"elementor-row\">\n\t\t\t\t\t<div class=\"elementor-column elementor-col-100 elementor-top-column elementor-element elementor-element-e4c779d\" data-id=\"e4c779d\" data-element_type=\"column\">\n\t\t\t<div class=\"elementor-column-wrap elementor-element-populated\">\n\t\t\t\t\t\t\t<div class=\"elementor-widget-wrap\">\n\t\t\t\t\t\t<div class=\"elementor-element elementor-element-b996fa0 elementor-widget__width-inherit elementor-widget elementor-widget-image\" data-id=\"b996fa0\" data-element_type=\"widget\" data-widget_type=\"image.default\">\n\t\t\t\t<div class=\"elementor-widget-container\">\n\t\t\t\t\t<div class=\"elementor-image\">\n\t\t\t\t\t\t\t\t\t\t<img width=\"2048\" height=\"777\" src=\"https:\/\/natha.fi\/wp2020\/wp-content\/uploads\/2021\/05\/esoteerinen-tantra.jpg\" class=\"attachment-full size-full\" alt=\"\" decoding=\"async\" loading=\"lazy\" srcset=\"https:\/\/natha.fi\/wp2020\/wp-content\/uploads\/2021\/05\/esoteerinen-tantra.jpg 2048w, https:\/\/natha.fi\/wp2020\/wp-content\/uploads\/2021\/05\/esoteerinen-tantra-300x114.jpg 300w, https:\/\/natha.fi\/wp2020\/wp-content\/uploads\/2021\/05\/esoteerinen-tantra-1024x389.jpg 1024w, https:\/\/natha.fi\/wp2020\/wp-content\/uploads\/2021\/05\/esoteerinen-tantra-768x291.jpg 768w, https:\/\/natha.fi\/wp2020\/wp-content\/uploads\/2021\/05\/esoteerinen-tantra-1536x583.jpg 1536w\" sizes=\"(max-width: 2048px) 100vw, 2048px\" \/>\t\t\t\t\t\t\t\t\t\t\t<\/div>\n\t\t\t\t<\/div>\n\t\t\t\t<\/div>\n\t\t\t\t\t\t<\/div>\n\t\t\t\t\t<\/div>\n\t\t<\/div>\n\t\t\t\t\t\t\t\t<\/div>\n\t\t\t\t\t<\/div>\n\t\t<\/section>\n\t\t\t\t<section class=\"elementor-section elementor-top-section elementor-element elementor-element-4fbd335 elementor-section-boxed elementor-section-height-default elementor-section-height-default\" data-id=\"4fbd335\" data-element_type=\"section\">\n\t\t\t\t\t\t<div class=\"elementor-container elementor-column-gap-default\">\n\t\t\t\t\t\t\t<div class=\"elementor-row\">\n\t\t\t\t\t<div class=\"elementor-column elementor-col-100 elementor-top-column elementor-element elementor-element-507fe5a\" data-id=\"507fe5a\" data-element_type=\"column\">\n\t\t\t<div class=\"elementor-column-wrap elementor-element-populated\">\n\t\t\t\t\t\t\t<div class=\"elementor-widget-wrap\">\n\t\t\t\t\t\t<div class=\"elementor-element elementor-element-6d74dd5 elementor-invisible elementor-widget elementor-widget-heading\" data-id=\"6d74dd5\" data-element_type=\"widget\" data-settings=\"{&quot;_animation&quot;:&quot;fadeIn&quot;}\" data-widget_type=\"heading.default\">\n\t\t\t\t<div class=\"elementor-widget-container\">\n\t\t\t<h1 class=\"elementor-heading-title elementor-size-default\">Tantraty\u00f6pajat <\/h1>\t\t<\/div>\n\t\t\t\t<\/div>\n\t\t\t\t<div class=\"elementor-element elementor-element-a068b46 elementor-invisible elementor-widget elementor-widget-text-editor\" data-id=\"a068b46\" data-element_type=\"widget\" data-settings=\"{&quot;_animation&quot;:&quot;fadeIn&quot;}\" data-widget_type=\"text-editor.default\">\n\t\t\t\t<div class=\"elementor-widget-container\">\n\t\t\t\t\t<div class=\"elementor-text-editor elementor-clearfix\"><h3>\u00a0<\/h3><h3>\u00a0<\/h3><p>Tantran n\u00e4k\u00f6kulma eroottisuuteen ja seksuaalisuuteen on estoton, k\u00e4yt\u00e4nn\u00f6llinen, rakkautta ja tietoisuutta korostava. Henkisyyden ja seksuaalisuuden erkaantuminen toisistaan on etenkin nykyajan ongelma. Tantriseen asenteeseen kuuluu avautuminen syleilem\u00e4\u00e4n kaikkea el\u00e4m\u00e4ss\u00e4 valppaalla tietoisuudella ja sanomaan el\u00e4m\u00e4lle KYLL\u00c4. Tantran ymm\u00e4rryksen mukaan kaikki el\u00e4m\u00e4n eri puolet ovat toisiinsa yhteydess\u00e4 ja lopulta yht\u00e4 valaistuneessa mieless\u00e4<\/p><p>Ty\u00f6pajat antavat uudenlaisen ja laajemman ymm\u00e4rryksen seksuaalisuudesta ja mahdollisuudesta k\u00e4ytt\u00e4\u00e4 seksuaalienergiaa henkiseen kasvuun. Seksuaalienergia on olemuksemme suurin voima ja mahdollisuus, joten sen ohjaaminen tietoisesti henkiseen kasvuun antaa tuloksia hyvin nopeasti. Tantran yksil\u00f6- ja pariharjoituksissa opitaan oman kokemuksen kautta tulemaan tietoiseksi seksuaalienergiasta ja aistillisuudesta. Tietoisuus on avainasemassa t\u00e4m\u00e4n energian hallitsemisen oppimisessa.<\/p><p>T\u00e4m\u00e4\u00a0sarja ty\u00f6pajoja\u00a0tarjoaa ainutlaatuisen n\u00e4k\u00f6alan eroottisen tantran maailmaan. Ty\u00f6pajoissa opetetaan tantran perusperiaatteita ja harjoituksia, joiden avulla p\u00e4\u00e4set alkuun eroottisen tantran harjoittamisessa. Ty\u00f6pajoihin osallistuminen ei edellyt\u00e4 mit\u00e4\u00e4n aikaisempaa kokemusta aiheesta.\u00a0Eroottiset harjoitukset j\u00e4\u00e4v\u00e4t kotiteht\u00e4viksi.<\/p><\/div>\n\t\t\t\t<\/div>\n\t\t\t\t<\/div>\n\t\t\t\t<section class=\"elementor-section elementor-inner-section elementor-element elementor-element-684f909 elementor-section-boxed elementor-section-height-default elementor-section-height-default\" data-id=\"684f909\" data-element_type=\"section\">\n\t\t\t\t\t\t<div class=\"elementor-container elementor-column-gap-default\">\n\t\t\t\t\t\t\t<div class=\"elementor-row\">\n\t\t\t\t\t<div class=\"elementor-column elementor-col-50 elementor-inner-column elementor-element elementor-element-186a4c0\" data-id=\"186a4c0\" data-element_type=\"column\">\n\t\t\t<div class=\"elementor-column-wrap elementor-element-populated\">\n\t\t\t\t\t\t\t<div class=\"elementor-widget-wrap\">\n\t\t\t\t\t\t<div class=\"elementor-element elementor-element-b8eaa62 elementor-invisible elementor-widget elementor-widget-heading\" data-id=\"b8eaa62\" data-element_type=\"widget\" data-settings=\"{&quot;_animation&quot;:&quot;fadeIn&quot;}\" data-widget_type=\"heading.default\">\n\t\t\t\t<div class=\"elementor-widget-container\">\n\t\t\t<h1 class=\"elementor-heading-title elementor-size-default\">Hinnat<\/h1>\t\t<\/div>\n\t\t\t\t<\/div>\n\t\t\t\t<div class=\"elementor-element elementor-element-62a12a3 elementor-widget elementor-widget-text-editor\" data-id=\"62a12a3\" data-element_type=\"widget\" data-widget_type=\"text-editor.default\">\n\t\t\t\t<div class=\"elementor-widget-container\">\n\t\t\t\t\t<div class=\"elementor-text-editor elementor-clearfix\"><ul><li>Ty\u00f6paja kahdelle: 100\u20ac\u00a0<\/li><li>Yksi henkil\u00f6: 60\u20ac<\/li><li>Opiskelija\/ty\u00f6t\u00f6n 50\u20ac<\/li><\/ul><p><strong>Ilmoittautuminen<\/strong>: tiedustele paikkatilannetta postilla: tantra(at)natha.fi tai soitolla\/viestill\u00e4: 050-4520577<br \/>ja varmista ilmoittautumisesi maksamalla alla.<\/p><p><strong>Luethan my\u00f6s:\u00a0<span style=\"text-decoration: underline;\"><a href=\"https:\/\/natha.fi\/wp2020\/terveyteen-ja-turvallisuuteen-liittyvia-ohjeita\/\">terveyteen ja turvallisuuteen liittyvi\u00e4 ohjeita<\/a><\/span><\/strong><\/p><p>L\u00e4mpim\u00e4sti tervetuloa!<\/p><\/div>\n\t\t\t\t<\/div>\n\t\t\t\t<\/div>\n\t\t\t\t\t\t<\/div>\n\t\t\t\t\t<\/div>\n\t\t<\/div>\n\t\t\t\t<div class=\"elementor-column elementor-col-50 elementor-inner-column elementor-element elementor-element-79f51b6\" data-id=\"79f51b6\" data-element_type=\"column\">\n\t\t\t<div class=\"elementor-column-wrap elementor-element-populated\">\n\t\t\t\t\t\t\t<div class=\"elementor-widget-wrap\">\n\t\t\t\t\t\t<div class=\"elementor-element elementor-element-729f7f4 elementor-widget elementor-widget-text-editor\" data-id=\"729f7f4\" data-element_type=\"widget\" data-widget_type=\"text-editor.default\">\n\t\t\t\t<div class=\"elementor-widget-container\">\n\t\t\t\t\t<div class=\"elementor-text-editor elementor-clearfix\"><p><img decoding=\"async\" loading=\"lazy\" class=\"wp-image-2511 alignnone\" style=\"font-weight: inherit;\" src=\"https:\/\/natha.fi\/wp2020\/wp-content\/uploads\/2021\/05\/jon-tyson-BELycSEckCc-unsplash-275x300.jpg\" alt=\"\" width=\"175\" height=\"191\" srcset=\"https:\/\/natha.fi\/wp2020\/wp-content\/uploads\/2021\/05\/jon-tyson-BELycSEckCc-unsplash-275x300.jpg 275w, https:\/\/natha.fi\/wp2020\/wp-content\/uploads\/2021\/05\/jon-tyson-BELycSEckCc-unsplash-938x1024.jpg 938w, https:\/\/natha.fi\/wp2020\/wp-content\/uploads\/2021\/05\/jon-tyson-BELycSEckCc-unsplash-768x838.jpg 768w, https:\/\/natha.fi\/wp2020\/wp-content\/uploads\/2021\/05\/jon-tyson-BELycSEckCc-unsplash-1407x1536.jpg 1407w, https:\/\/natha.fi\/wp2020\/wp-content\/uploads\/2021\/05\/jon-tyson-BELycSEckCc-unsplash-1876x2048.jpg 1876w, https:\/\/natha.fi\/wp2020\/wp-content\/uploads\/2021\/05\/jon-tyson-BELycSEckCc-unsplash-300x327.jpg 300w\" sizes=\"(max-width: 175px) 100vw, 175px\" \/><br \/>&#8221;When love is infinite,<br \/>impossible becomes <br \/>easily possible&#8221;<\/p><\/div>\n\t\t\t\t<\/div>\n\t\t\t\t<\/div>\n\t\t\t\t<div class=\"elementor-element elementor-element-0b0d34b elementor-widget elementor-widget-text-editor\" data-id=\"0b0d34b\" data-element_type=\"widget\" data-widget_type=\"text-editor.default\">\n\t\t\t\t<div class=\"elementor-widget-container\">\n\t\t\t\t\t<div class=\"elementor-text-editor elementor-clearfix\"><p>-Gregorian Bivolaru<\/p><\/div>\n\t\t\t\t<\/div>\n\t\t\t\t<\/div>\n\t\t\t\t\t\t<\/div>\n\t\t\t\t\t<\/div>\n\t\t<\/div>\n\t\t\t\t\t\t\t\t<\/div>\n\t\t\t\t\t<\/div>\n\t\t<\/section>\n\t\t\t\t<div class=\"elementor-element elementor-element-74c5b44 elementor-invisible elementor-widget elementor-widget-heading\" data-id=\"74c5b44\" data-element_type=\"widget\" data-settings=\"{&quot;_animation&quot;:&quot;fadeIn&quot;}\" data-widget_type=\"heading.default\">\n\t\t\t\t<div class=\"elementor-widget-container\">\n\t\t\t<h1 class=\"elementor-heading-title elementor-size-default\">Seuraavat ty\u00f6pajat\n<\/h1>\t\t<\/div>\n\t\t\t\t<\/div>\n\t\t\t\t\t\t<\/div>\n\t\t\t\t\t<\/div>\n\t\t<\/div>\n\t\t\t\t\t\t\t\t<\/div>\n\t\t\t\t\t<\/div>\n\t\t<\/section>\n\t\t\t\t<section class=\"elementor-section elementor-top-section elementor-element elementor-element-5bf2e0b elementor-section-boxed elementor-section-height-default elementor-section-height-default\" data-id=\"5bf2e0b\" data-element_type=\"section\">\n\t\t\t\t\t\t<div class=\"elementor-container elementor-column-gap-default\">\n\t\t\t\t\t\t\t<div class=\"elementor-row\">\n\t\t\t\t\t<div class=\"elementor-column elementor-col-100 elementor-top-column elementor-element elementor-element-db8dc14\" data-id=\"db8dc14\" data-element_type=\"column\">\n\t\t\t<div class=\"elementor-column-wrap elementor-element-populated\">\n\t\t\t\t\t\t\t<div class=\"elementor-widget-wrap\">\n\t\t\t\t\t\t<div class=\"elementor-element elementor-element-e350170 elementor-widget elementor-widget-text-editor\" data-id=\"e350170\" data-element_type=\"widget\" data-widget_type=\"text-editor.default\">\n\t\t\t\t<div class=\"elementor-widget-container\">\n\t\t\t\t\t<div class=\"elementor-text-editor elementor-clearfix\"><h3><strong>Askeleet tantriseen orgasmiin -ty\u00f6paja on siirretty syksylle 2026. Tarkempi aika julkaistaan kes\u00e4ll\u00e4.<\/strong><\/h3><\/div>\n\t\t\t\t<\/div>\n\t\t\t\t<\/div>\n\t\t\t\t\t\t<\/div>\n\t\t\t\t\t<\/div>\n\t\t<\/div>\n\t\t\t\t\t\t\t\t<\/div>\n\t\t\t\t\t<\/div>\n\t\t<\/section>\n\t\t\t\t<section class=\"elementor-section elementor-top-section elementor-element elementor-element-4d4294e elementor-section-boxed elementor-section-height-default elementor-section-height-default\" data-id=\"4d4294e\" data-element_type=\"section\">\n\t\t\t\t\t\t<div class=\"elementor-container elementor-column-gap-default\">\n\t\t\t\t\t\t\t<div class=\"elementor-row\">\n\t\t\t\t\t<div class=\"elementor-column elementor-col-66 elementor-top-column elementor-element elementor-element-cd54a9e\" data-id=\"cd54a9e\" data-element_type=\"column\">\n\t\t\t<div class=\"elementor-column-wrap elementor-element-populated\">\n\t\t\t\t\t\t\t<div class=\"elementor-widget-wrap\">\n\t\t\t\t\t\t<div class=\"elementor-element elementor-element-5ea7f59 elementor-widget elementor-widget-text-editor\" data-id=\"5ea7f59\" data-element_type=\"widget\" data-widget_type=\"text-editor.default\">\n\t\t\t\t<div class=\"elementor-widget-container\">\n\t\t\t\t\t<div class=\"elementor-text-editor elementor-clearfix\"><p>Tervetuloa matkalle kohti syvemp\u00e4\u00e4 nautintoa ja l\u00e4sn\u00e4oloa! Ty\u00f6pajassamme sukellamme orgasmin ja tantran salaisuuksiin. Opiskelemme miten pident\u00e4\u00e4 orgasmin huipentumaa, miten vaalia el\u00e4m\u00e4n intensiteetti\u00e4 ja miten avata ovia syvemp\u00e4\u00e4n l\u00e4sn\u00e4oloon ekstaattisten kokemusten avulla. Teemme yhdess\u00e4 harjoituksia j\u00e4nnitysten ja estojen poistamiseksi jotta keho ja koko olemus vapautuvat kokemaan el\u00e4m\u00e4n ekstaattisuuden. Aisteille avautumisen kautta antaudumme orgastiselle l\u00e4sn\u00e4ololle, joka on portti korkeampaan todellisuuteen.<\/p><p>Ty\u00f6paja sopii kaikille: sek\u00e4 ensiaskeleina tantriselle polulle ett\u00e4 itsetuntemuksen syvent\u00e4j\u00e4n\u00e4 kokeneemmille harjoittajille. Ty\u00f6pajan harjoitukset eiv\u00e4t sis\u00e4ll\u00e4 alastomuutta tai kosketusta intiimialueille. Voit osallistua ty\u00f6pajaan parin kanssa tai yksin.<\/p><p>\u00a0<\/p><\/div>\n\t\t\t\t<\/div>\n\t\t\t\t<\/div>\n\t\t\t\t\t\t<\/div>\n\t\t\t\t\t<\/div>\n\t\t<\/div>\n\t\t\t\t<div class=\"elementor-column elementor-col-33 elementor-top-column elementor-element elementor-element-1bf7b1c\" data-id=\"1bf7b1c\" data-element_type=\"column\">\n\t\t\t<div class=\"elementor-column-wrap elementor-element-populated\">\n\t\t\t\t\t\t\t<div class=\"elementor-widget-wrap\">\n\t\t\t\t\t\t<div class=\"elementor-element elementor-element-5c12953 elementor-widget elementor-widget-image\" data-id=\"5c12953\" data-element_type=\"widget\" data-widget_type=\"image.default\">\n\t\t\t\t<div class=\"elementor-widget-container\">\n\t\t\t\t\t<div class=\"elementor-image\">\n\t\t\t\t\t\t\t\t\t\t<img width=\"500\" height=\"260\" src=\"https:\/\/natha.fi\/wp2020\/wp-content\/uploads\/2024\/02\/Tantra-tyopajat.jpg\" class=\"attachment-large size-large\" alt=\"\" decoding=\"async\" loading=\"lazy\" srcset=\"https:\/\/natha.fi\/wp2020\/wp-content\/uploads\/2024\/02\/Tantra-tyopajat.jpg 500w, https:\/\/natha.fi\/wp2020\/wp-content\/uploads\/2024\/02\/Tantra-tyopajat-300x156.jpg 300w\" sizes=\"(max-width: 500px) 100vw, 500px\" \/>\t\t\t\t\t\t\t\t\t\t\t<\/div>\n\t\t\t\t<\/div>\n\t\t\t\t<\/div>\n\t\t\t\t\t\t<\/div>\n\t\t\t\t\t<\/div>\n\t\t<\/div>\n\t\t\t\t\t\t\t\t<\/div>\n\t\t\t\t\t<\/div>\n\t\t<\/section>\n\t\t\t\t<section class=\"elementor-section elementor-top-section elementor-element elementor-element-3a5c1e9 elementor-section-boxed elementor-section-height-default elementor-section-height-default\" data-id=\"3a5c1e9\" data-element_type=\"section\">\n\t\t\t\t\t\t<div class=\"elementor-container elementor-column-gap-default\">\n\t\t\t\t\t\t\t<div class=\"elementor-row\">\n\t\t\t\t\t<div class=\"elementor-column elementor-col-100 elementor-top-column elementor-element elementor-element-a8f3e64\" data-id=\"a8f3e64\" data-element_type=\"column\">\n\t\t\t<div class=\"elementor-column-wrap\">\n\t\t\t\t\t\t\t<div class=\"elementor-widget-wrap\">\n\t\t\t\t\t\t\t\t<\/div>\n\t\t\t\t\t<\/div>\n\t\t<\/div>\n\t\t\t\t\t\t\t\t<\/div>\n\t\t\t\t\t<\/div>\n\t\t<\/section>\n\t\t\t\t<section class=\"elementor-section elementor-top-section elementor-element elementor-element-a31b929 elementor-section-boxed elementor-section-height-default elementor-section-height-default\" data-id=\"a31b929\" data-element_type=\"section\">\n\t\t\t\t\t\t<div class=\"elementor-container elementor-column-gap-default\">\n\t\t\t\t\t\t\t<div class=\"elementor-row\">\n\t\t\t\t\t<div class=\"elementor-column elementor-col-100 elementor-top-column elementor-element elementor-element-51960d9\" data-id=\"51960d9\" data-element_type=\"column\">\n\t\t\t<div class=\"elementor-column-wrap\">\n\t\t\t\t\t\t\t<div class=\"elementor-widget-wrap\">\n\t\t\t\t\t\t\t\t<\/div>\n\t\t\t\t\t<\/div>\n\t\t<\/div>\n\t\t\t\t\t\t\t\t<\/div>\n\t\t\t\t\t<\/div>\n\t\t<\/section>\n\t\t\t\t<section class=\"elementor-section elementor-top-section elementor-element elementor-element-bba1168 elementor-section-boxed elementor-section-height-default elementor-section-height-default\" data-id=\"bba1168\" data-element_type=\"section\">\n\t\t\t\t\t\t<div class=\"elementor-container elementor-column-gap-default\">\n\t\t\t\t\t\t\t<div class=\"elementor-row\">\n\t\t\t\t\t<div class=\"elementor-column elementor-col-100 elementor-top-column elementor-element elementor-element-c2872ff\" data-id=\"c2872ff\" data-element_type=\"column\">\n\t\t\t<div class=\"elementor-column-wrap elementor-element-populated\">\n\t\t\t\t\t\t\t<div class=\"elementor-widget-wrap\">\n\t\t\t\t\t\t<div class=\"elementor-element elementor-element-191e0dc elementor-widget elementor-widget-shortcode\" data-id=\"191e0dc\" data-element_type=\"widget\" data-widget_type=\"shortcode.default\">\n\t\t\t\t<div class=\"elementor-widget-container\">\n\t\t\t\t\t<div class=\"elementor-shortcode\"><div class=\"woocommerce\">\t\t\t<div class=\"single-product\" data-product-page-preselected-id=\"0\">\n\t\t\t\t\n<div id=\"product-4069\" class=\"post-4069 product type-product status-publish has-post-thumbnail hentry product_cat-uncategorised ast-article-single ast-woo-product-no-review desktop-align-left tablet-align-left mobile-align-left\">\n\t\t\t<div data-elementor-type=\"jet-woo-builder\" data-elementor-id=\"1520\" class=\"elementor elementor-1520\" data-elementor-settings=\"[]\">\n\t\t\t\t\t\t<div class=\"elementor-inner\">\n\t\t\t\t\t\t\t<div class=\"elementor-section-wrap\">\n\t\t\t\t\t\t\t<section class=\"elementor-section elementor-top-section elementor-element elementor-element-51a90a1 elementor-section-boxed elementor-section-height-default elementor-section-height-default\" data-id=\"51a90a1\" data-element_type=\"section\">\n\t\t\t\t\t\t<div class=\"elementor-container elementor-column-gap-default\">\n\t\t\t\t\t\t\t<div class=\"elementor-row\">\n\t\t\t\t\t<div class=\"elementor-column elementor-col-100 elementor-top-column elementor-element elementor-element-5926687\" data-id=\"5926687\" data-element_type=\"column\">\n\t\t\t<div class=\"elementor-column-wrap elementor-element-populated\">\n\t\t\t\t\t\t\t<div class=\"elementor-widget-wrap\">\n\t\t\t\t\t\t<div class=\"elementor-element elementor-element-59cf218 elementor-widget elementor-widget-jet-single-add-to-cart\" data-id=\"59cf218\" data-element_type=\"widget\" data-widget_type=\"jet-single-add-to-cart.default\">\n\t\t\t\t<div class=\"elementor-widget-container\">\n\t\t\t<div class=\"elementor-jet-single-add-to-cart jet-woo-builder\"><\/div>\t\t<\/div>\n\t\t\t\t<\/div>\n\t\t\t\t\t\t<\/div>\n\t\t\t\t\t<\/div>\n\t\t<\/div>\n\t\t\t\t\t\t\t\t<\/div>\n\t\t\t\t\t<\/div>\n\t\t<\/section>\n\t\t\t\t\t\t<\/div>\n\t\t\t\t\t\t<\/div>\n\t\t\t\t\t<\/div>\n\t\t<\/div>\n\n\t\t\t<\/div>\n\t\t\t<\/div><\/div>\n\t\t\t\t<\/div>\n\t\t\t\t<\/div>\n\t\t\t\t\t\t<\/div>\n\t\t\t\t\t<\/div>\n\t\t<\/div>\n\t\t\t\t\t\t\t\t<\/div>\n\t\t\t\t\t<\/div>\n\t\t<\/section>\n\t\t\t\t\t\t<\/div>\n\t\t\t\t\t\t<\/div>\n\t\t\t\t\t<\/div>\n\t\t","protected":false},"excerpt":{"rendered":"<p>Tantraty\u00f6pajat \u00a0 \u00a0 Tantran n\u00e4k\u00f6kulma eroottisuuteen ja seksuaalisuuteen on estoton, k\u00e4yt\u00e4nn\u00f6llinen, rakkautta ja tietoisuutta korostava. Henkisyyden ja seksuaalisuuden erkaantuminen toisistaan on etenkin nykyajan ongelma. Tantriseen asenteeseen kuuluu avautuminen syleilem\u00e4\u00e4n kaikkea el\u00e4m\u00e4ss\u00e4 valppaalla tietoisuudella ja sanomaan el\u00e4m\u00e4lle KYLL\u00c4. Tantran ymm\u00e4rryksen mukaan kaikki el\u00e4m\u00e4n eri puolet ovat toisiinsa yhteydess\u00e4 ja lopulta yht\u00e4 valaistuneessa mieless\u00e4 Ty\u00f6pajat antavat uudenlaisen &hellip;<\/p>\n<p class=\"read-more\"> <a class=\"\" href=\"https:\/\/natha.fi\/wp2020\/product\/rakkaus\/\"> <span class=\"screen-reader-text\">Tantraty\u00f6paja<\/span> Lue lis\u00e4\u00e4 &raquo;<\/a><\/p>\n","protected":false},"author":3,"featured_media":0,"parent":0,"menu_order":0,"comment_status":"closed","ping_status":"closed","template":"elementor_header_footer","meta":{"site-sidebar-layout":"no-sidebar","site-content-layout":"page-builder","ast-global-header-display":"","ast-banner-title-visibility":"","ast-main-header-display":"","ast-hfb-above-header-display":"","ast-hfb-below-header-display":"","ast-hfb-mobile-header-display":"","site-post-title":"disabled","ast-breadcrumbs-content":"","ast-featured-img":"disabled","footer-sml-layout":"","theme-transparent-header-meta":"default","adv-header-id-meta":"","stick-header-meta":"default","header-above-stick-meta":"","header-main-stick-meta":"","header-below-stick-meta":""},"_links":{"self":[{"href":"https:\/\/natha.fi\/wp2020\/wp-json\/wp\/v2\/pages\/3996"}],"collection":[{"href":"https:\/\/natha.fi\/wp2020\/wp-json\/wp\/v2\/pages"}],"about":[{"href":"https:\/\/natha.fi\/wp2020\/wp-json\/wp\/v2\/types\/page"}],"author":[{"embeddable":true,"href":"https:\/\/natha.fi\/wp2020\/wp-json\/wp\/v2\/users\/3"}],"replies":[{"embeddable":true,"href":"https:\/\/natha.fi\/wp2020\/wp-json\/wp\/v2\/comments?post=3996"}],"version-history":[{"count":367,"href":"https:\/\/natha.fi\/wp2020\/wp-json\/wp\/v2\/pages\/3996\/revisions"}],"predecessor-version":[{"id":11859,"href":"https:\/\/natha.fi\/wp2020\/wp-json\/wp\/v2\/pages\/3996\/revisions\/11859"}],"wp:attachment":[{"href":"https:\/\/natha.fi\/wp2020\/wp-json\/wp\/v2\/media?parent=3996"}],"curies":[{"name":"wp","href":"https:\/\/api.w.org\/{rel}","templated":true}]}}